t common divisor of 15 and p.
15
Suppose l + 2*f + 2 = -29, -5*f = -2*l - 35. Suppose 0 = -2*w - 3*g + 82, -32 - 16 = -w + 2*g. Let a = l + w. Calculate the highest common divisor of 133 and a.
19
Let s be (-1)/4 + (-21)/(-4). Let l = s + -1. Calculate the highest common divisor of 1 and l.
1
Suppose -3 = y - 7. What is the highest common divisor of y and 28?
4
Let m = -111 - -199. Let p be (2/(-4))/(4/96). Let r be p/(-1)*18/27. Calculate the greatest common divisor of m and r.
8
Let d(s) = 2*s**2 - 4*s + 3. Let z be d(2). Suppose z*c - 2 - 19 = 4*k, -15 = 5*k. Suppose c*y = y + 96. Calculate the highest common factor of y and 32.
16
Suppose 2 = -o + 2*o. Suppose -3*l + o*r + r + 30 = 0, 15 = l + 4*r. Calculate the highest common divisor of l and 33.
11
Suppose -c = -5*c, -l + 4*c = -30. Let m = -379 + 424. What is the highest common divisor of m and l?
15
Let w = 193 - 95. What is the highest common factor of 14 and w?
14
Suppose -5*a + 3*a = -60. Calculate the greatest common divisor of 20 and a.
10
Let v = -6 - -4. Let b be (-6)/v*(-8)/(-12). Let x(q) = q**3 - q. Let f be x(b). What is the highest common factor of f and 24?
6
Suppose g + 102 = 2*g. Let m be (-884)/24 - 1/6. Let c = m + g. Calculate the highest common factor of c and 26.
13
Let z(q) = q**3 + 4*q**2 + 4. Let p(s) = -s**2 + 3*s + 1. Let r be p(4). Let a be z(r). Let u = 116 + 27. What is the greatest common factor of a and u?
13
Suppose -2*c + 166 = a, -3*c + 8*c + 785 = 5*a. Calculate the highest common divisor of a and 20.
20
Let g = -2 + 5. Suppose 0 = g*s + 12, 4*h - 3*s - 15 = 3*h. Suppose 5*o - 3*n - 87 = 0, 2*o - 9 = -h*n + 9. What is the highest common factor of o and 5?
5
Let m(f) = 3*f**3 + 6*f - 9. Let w be m(3). What is the highest common factor of w and 18?
18
Suppose 0 = -2*h - 3*h + 470. Let j = -66 + h. What is the highest common divisor of j and 7?
7
Let r be 0 - (-670)/5 - 1. Calculate the highest common factor of 19 and r.
19
Suppose -10*r + 5*r + 25 = 0. What is the highest common divisor of 40 and r?
5
Suppose 4*c = -3*a - 22 - 43, -30 = 2*c + 2*a. Let r be (c/(-15))/(1/3). What is the highest common divisor of 20 and r?
4
Let h = 10 - 8. Calculate the greatest common factor of 5 and h.
1
Suppose 4 + 14 = x. Suppose 3*c = 3*y - 144, 2*y + x - 110 = c. Let q be (-2)/(-6) - (-22)/6. What is the highest common factor of q and y?
4
Suppose -74 - 204 = -2*f - 2*b, 0 = -3*f + 5*b + 425. Calculate the greatest common divisor of f and 28.
28
Let a = 23 - 9. Let g be (1/(-2))/((-3)/12). Let s be (21/6)/(g/20). What is the highest common divisor of a and s?
7
Suppose -2*n + 6 = n, n = -4*l + 50. Calculate the greatest common factor of 3 and l.
3
Suppose 117 = 3*h - 27. Let k(x) be the third derivative of -x**5/60 - x**4/4 + x**3 + 4*x**2. Let n be k(-6). Calculate the greatest common factor of n and h.
6
Suppose 0 = 5*v - 10, -5*u + v + 240 = -4*v. Suppose 7 = 5*z - 3, -2*q + z - 50 = 0. Let f = q + 34. What is the highest common divisor of u and f?
10
Let y = -7 + 13. Let v = y - 4. Suppose v*t = 4 - 0. What is the highest common divisor of t and 2?
2
Suppose -p - 5*m + 103 = 0, 4*p + 4*m - 287 = p. Suppose -3*w + 184 = -g, 4*w - 127 = -5*g + p. What is the highest common factor of w and 6?
6
Let b be (3 - 5) + (2 - 1). Let n be (321 + 1)/(-2)*b. What is the highest common divisor of 23 and n?
23
Suppose -h + 4 = h. Suppose -l = h*l + n - 9, -5*n + 13 = -l. Calculate the highest common factor of 4 and l.
2
Let k(a) = a**2 + 17*a - 9. Let c be k(-15). Let w = c - -183. What is the highest common factor of 18 and w?
18
Let i be 1 - -1 - 1116/(-9). What is the highest common factor of i and 14?
14
Let o(m) = 43*m - 3. Let y be o(3). Let p be (-46)/(-2) + (-3 - -1) - 3. Calculate the highest common factor of y and p.
18
Let b(g) = g**2 - 17*g + 17. Let a be b(17). Calculate the greatest common factor of 153 and a.
17
Suppose 8 = -4*h, -4*o - o + 5*h = -190. Calculate the highest common factor of 54 and o.
18
Suppose -8*u + 1221 + 1179 = 0. What is the highest common divisor of 120 and u?
60
Suppose -5*c - 4*z = -108, 0 = -c + 4*z - 6 + 18. Suppose 4*u = -4*o + 624, 0 = -4*o - u + 561 + 75. What is the highest common factor of c and o?
20
Suppose 2*k - 17 - 25 = 0. Let b(t) = -t**2 - t + 9. Let d be b(-3). What is the highest common factor of d and k?
3
Suppose -g = -4*g + 144. Let u = g - 28. What is the highest common divisor of u and 4?
4
Suppose a - 273 = -2*n, 0 = 3*n + a - 6*a - 390. What is the highest common factor of n and 15?
15
Let s = 95 + -49. Calculate the greatest common divisor of s and 23.
23
Suppose 4*l = 0, 4*l - l = -3*y + 24. What is the highest common divisor of y and 32?
8
Let x be (24/(-14))/((-6)/(-63)). Let r be x/(-4) - 1/(-2). What is the highest common factor of 5 and r?
5
Let o be 1/(((-5)/(-2))/(-5)). Let f(d) = 2*d**3 + 3*d**2 + 2*d - 1. Let a be f(o). Let p = 15 + a. What is the greatest common factor of p and 6?
6
Let d be (-60)/(-9) - 16/24. What is the highest common divisor of 42 and d?
6
Suppose 3*p - 38 = -2*g, -4*g - 5 + 21 = p. What is the greatest common factor of p and 144?
12
Let q be 3/(9/(-3)) - -3. Suppose 3*m + 30 = l + l, 26 = q*l - 2*m. Calculate the highest common divisor of 9 and l.
9
Suppose -2*o + 0*l + 74 = 4*l, 0 = -4*l + 4. Calculate the greatest common divisor of 21 and o.
7
Let x be 29/4 - (-2)/(-8). Let l(n) = -26*n + 10. Let d be l(-5). Suppose -2*j + 4*a = -56, -j = 4*j - a - d. Calculate the highest common divisor of j and x.
7
Let r be ((-24)/3)/(1*-2). Suppose o = -r + 7. Suppose 0 = 5*n - u - 7 - 60, 0 = o*u - 9. Calculate the highest common factor of 2 and n.
2
Suppose 7 = 2*k + 3*z, -5*k = -0*k - 4*z - 6. Let y be 0 + (k - (1 + 7)). Let l be 10/3*(-9)/y. What is the greatest common divisor of 2 and l?
1
Let y(a) = -a**3 - 7*a**2 + 6*a. Let i be y(-8). Suppose -4 + i = o. Suppose -2*g = 8, g - 22 = -4*n + 94. Calculate the highest common divisor of n and o.
6
Suppose -3*s - 5*q + 34 = s, 5*q - 16 = -s. Let m = s + -2. Suppose -l - 3*c - 4 = 0, -3*l - 2*l - m*c = -24. Calculate the highest common factor of 40 and l.
8
Let x = 695 - 431. Calculate the highest common divisor of 33 and x.
33
Let j(v) = 2*v - 11. Let k be j(8). Let r = k + -3. Suppose 4*u - 429 + 130 = n, 3*u - r*n = 223. What is the greatest common factor of 15 and u?
15
Let w be 5 - (1/1 + 0). Suppose w*t = 16 + 8. What is the greatest common factor of 6 and t?
6
Suppose -9*c + 6*c = -6. Suppose -4*y + 84 + 256 = 0. Suppose -w + b = w - 105, -c*w + 5*b + y = 0. What is the highest common divisor of w and 5?
5
Let p(x) = x**2 + 2*x - 2. Let a be p(-6). Let t = -361 - -246. Let l = 269 + t. Calculate the greatest common divisor of l and a.
22
Suppose 4*a = -u - 0*u - 18, 14 = 2*u - 2*a. Let f = u + 0. What is the greatest common divisor of 1 and f?
1
Suppose -2*s + h + 52 = 0, s = -3*h - h + 26. Let b = 11 - s. Let o be (4/6)/((-2)/b). Calculate the greatest common factor of 10 and o.
5
Let u(x) = 0 + 0 - 2*x**2 - 2*x - x - x**3. Let o be u(-5). Calculate the highest common divisor of 10 and o.
10
Let g(u) = 20*u - 12. Let b be g(6). Calculate the highest common factor of b and 24.
12
Suppose 3*u - 171 = 5*x, 4*u + 2*x - 254 = -u. Calculate the highest common factor of 13 and u.
13
Let k(o) = -o**3 + 4*o**2 + 4*o + 4. Let a be k(5). Let f = 35 - a. What is the greatest common divisor of 9 and f?
9
Suppose 0 = 2*m + 8, 2*m + 3*m = -2*j - 18. Let h = 1 - -4. Calculate the highest common divisor of j and h.
1
Suppose 131 = 3*s - 25. Let w = -29 - -42. What is the highest common divisor of s and w?
13
Let r(c) = -24*c - 7. Let q(v) = -24*v - 6. Let f(x) = -6*q(x) + 5*r(x). Let h be f(2). Let m = 2 + 5. Calculate the highest common divisor of h and m.
7
Let y be (-3 - 0)*(-14)/21. Suppose -2*w = -y*x + 19 + 13, x - 4*w = 25. What is the highest common factor of 39 and x?
13
Let k(s) = s**2 - 14*s + 48. Let i be k(20). Calculate the highest common divisor of i and 21.
21
Suppose 5*m - 5*d - 45 = 0, -3*m + 5*m - 14 = -2*d. Suppose 0*l - 4*l = -160. Suppose y - 48 = l. Calculate the highest common divisor of m and y.
8
Let z be 5/(-4*82/(-108) - 3). Let k = 27 - 12. Calculate the highest common divisor of k and z.
15
Let j = -18 - -29. Calculat